(-7). Calculate the highest common factor of 5 and m.
1
Suppose 3*n + 30 = 5*p + 6*n, -18 = -3*p - 4*n. Let c(i) = i - 3. Let l be c(p). Suppose 155 = l*w + 5. Calculate the highest common factor of w and 10.
10
Suppose 12*w - 3*w = 99. Calculate the highest common divisor of 55 and w.
11
Suppose -2*b - 1 = -b, -4*t = -2*b + 6. Let p be 1/(t + (-57)/(-27)). Calculate the highest common factor of p and 1.
1
Suppose 3*x = -57 + 129. Calculate the greatest common divisor of 264 and x.
24
Let t(x) = -2*x**3 - 5*x**2 + 2*x + 4. Let h be t(-4). Suppose 2*d - 10 + 0 = 0. Suppose 4*r - 11 = d. Calculate the greatest common divisor of h and r.
4
Suppose -j + 3*q = 4*j - 280, 3*q = -3*j + 192. Suppose 0 = 4*z - j - 45. What is the highest common factor of 26 and z?
26
Suppose 3*m + m = -12. Let z(g) be the second derivative of -g**3/6 + 14*g. Let j be z(m). What is the highest common divisor of j and 3?
3
Suppose -k + 0*i = -3*i - 198, 4*k - 3*i = 774. Calculate the highest common divisor of 12 and k.
12
Let k(r) = 2*r + 2. Let o be k(3). Suppose 2*w = w + o. Let f(v) = v**3 - 5*v**2 + 3*v + 2. Let g be f(6). What is the highest common factor of w and g?
8
Suppose -3*m + 162 = -105. Let j = -23 + 25. Let s be m/j - (-1)/2. Calculate the highest common divisor of s and 9.
9
Suppose -8*k + 55 = -3*k. Calculate the highest common factor of 77 and k.
11
Let s = 148 + -146. Calculate the greatest common divisor of 10 and s.
2
Let y(x) = -8*x - 6 + 5 - 3. Let g be y(-3). Let f = g - 13. Calculate the highest common divisor of f and 7.
7
Let t(u) be the second derivative of 2/3*u**3 - 1/12*u**4 + 3/2*u**2 - 2*u + 0. Let v be t(4). What is the highest common divisor of v and 12?
3
Suppose -r - 44 = -2*r. Suppose -n - 3*n + 67 = -3*s, -3*n = -s - r. Calculate the highest common divisor of n and 143.
13
Let p = -8 + 5. Let k be 1 - 0 - (p + 3). Let x(v) = 10*v**3 + 2*v**2 - 2*v + 1. Let o be x(k). Calculate the highest common divisor of o and 99.
11
Let u = -3 + 1. Let y = 2 + u. Suppose y*j - 20 = -2*j. Calculate the highest common divisor of 80 and j.
10
Suppose -3*h + 5*t + 203 = 0, -2*t + 11 = h - 53. Calculate the greatest common factor of 22 and h.
22
Let j(h) = -h**3 + 6*h**2 - 4*h - 2. Suppose -2*u + 3 = -7. Let g be j(u). What is the highest common divisor of g and 1?
1
Suppose 10*x = 5*x + 325. Calculate the highest common factor of 13 and x.
13
Suppose 131 = 11*c - 23. What is the highest common factor of 56 and c?
14
Let l be (-845)/(-7) + (-10)/(-35). Let u(i) = i**3 + 2*i**2 - 3*i + 1. Let n be u(2). Calculate the highest common divisor of n and l.
11
Let n = -2 + -17. Let c = 3 - n. What is the greatest common divisor of 55 and c?
11
Let h = 2 - -14. What is the highest common factor of h and 176?
16
Suppose -2*s = 5*b + 11, -4*b + 1 = 4*s + 5. Suppose -d = 2*d. Let t be 21 - ((d - 1) + 0). What is the greatest common factor of s and t?
2
Let a(b) = 7*b + 1. Let f be a(-3). Let s be (7 - 10)*f/3. What is the highest common divisor of s and 30?
10
Let h = 153 - 152. What is the greatest common factor of 17 and h?
1
Suppose 6*t = 3*t + 273. Let i be 2/(-7) - 186/(-14). What is the greatest common divisor of t and i?
13
Suppose -3*p + 180 = -0*p. Calculate the greatest common divisor of p and 40.
20
Suppose 4*s - 16 = -2*b, -s - s = 4*b - 44. Suppose -2*l + 20 = k - 2*k, -5*k - b = l. Calculate the greatest common factor of 1 and l.
1
Let c = 233 - 58. Calculate the greatest common divisor of 25 and c.
25
Let x be 103 + (4 + -6)/(-2) - -4. What is the greatest common factor of x and 12?
12
Let u be (-8)/12 - 186/(-9). Suppose 2*x - 5*t = 95, 0 = 4*x - 5*x + 5*t + 45. Calculate the greatest common factor of u and x.
10
Let r be (-16)/(-12)*165/2. Calculate the greatest common factor of 10 and r.
10
Let q = -53 + 54. Calculate the greatest common factor of 5 and q.
1
Suppose -6 = -3*z, -z - 12 + 5 = -3*l. Let w(g) = 12*g. Let t be w(2). What is the greatest common divisor of t and l?
3
Let l = -23 - -27. Suppose -l*u - u = -160. What is the highest common divisor of 48 and u?
16
Let u be (10/(-3) - -3)*9. Let m be 3 - 1 - (-5 - u). Calculate the highest common factor of 20 and m.
4
Let w be (-2)/3*(-36)/8. Suppose 11 = -4*s - 1. Let j be (-3)/(s + 1 + 1). What is the greatest common factor of j and w?
3
Suppose -2*r + 5*i + 6 = 0, -2*r - 2*i = 9 - 29. Suppose 4*m = -5*x + 209, -x - 84 - 87 = -3*m. What is the highest common divisor of m and r?
8
Let h be (-2)/4 + 3/((-30)/(-95)). Calculate the greatest common divisor of h and 3.
3
Let v(f) = f**2 - 5*f + 9. Let o be v(6). Suppose 0*x + 4 = -2*x. Let q be (36/8 + x)*2. Calculate the highest common divisor of q and o.
5
Let d(k) = 6*k**2 - 11*k + 15. Let m be d(6). What is the highest common factor of m and 15?
15
Suppose 19 = 4*v - 9. Suppose g - 13 = 22. What is the highest common factor of v and g?
7
Let h(s) = -5 + 1 + s**2 + 2*s + 1. Let i be h(-5). Let o be (-3)/9 + 28/i. Calculate the highest common divisor of 1 and o.
1
Let i(r) = 3*r + 7. Let o be i(5). Suppose 5*k - 41 + 3 = -3*x, 0 = x + 4*k - o. What is the highest common divisor of x and 42?
6
Suppose 0 = -2*y + 207 + 81. Let o = -29 + 47. Calculate the greatest common factor of o and y.
18
Suppose 25 = -5*m, 5*t - 50 = m + m. Suppose -v = -6*v + 40. Calculate the highest common factor of v and t.
8
Suppose -5*g + 1 = 6. Let k = g - -7. Let c be -1*2 + k*3. Calculate the greatest common divisor of c and 24.
8
Let p = 1 - -1. Let b = -34 + 50. What is the greatest common divisor of p and b?
2
Let h = -1 + -2. Let f be 3/9 - 17/h. Calculate the greatest common factor of f and 2.
2
Let t = 173 - 169. What is the greatest common factor of t and 1?
1
Suppose -2*a = 2*q - 36, 3*q - 2*a = 2*a + 68. Let i = -193 - -333. What is the highest common factor of q and i?
20
Suppose -4*y = -0*y - 76. Let m be 6*4/8*627/9. Calculate the highest common factor of y and m.
19
Suppose 0 = -21*w + 24*w - 9. Calculate the highest common factor of 3 and w.
3
Let o be 1 + 7*-1 + 2. Let q be (o/(-10))/((-1)/(-5)). Let f be 1/(-2)*(-44)/q. What is the highest common divisor of 1 and f?
1
Let p(v) = v**3 + 7*v**2 + 11*v + 6. Let g be p(-5). Let o be 1 + 4 + 1 + 1. Calculate the greatest common factor of g and o.
1
Let j be 94/(-4)*(3 + -5). What is the highest common factor of j and 376?
47
Let q be (-1)/(-4) + (-1299)/(-4). Suppose -5*m + 0*m + q = 0. What is the highest common divisor of m and 26?
13
Let r be (1*-1)/(6/(-30)). Let f(d) = -d**3 - 4*d**2 + 4*d - 8. Let w be f(-6). Calculate the greatest common divisor of r and w.
5
Let f = 3 - -1. Let w be 10 - -3*f/6. Let o be (4 + -3)/((-2)/(-24)). Calculate the greatest common divisor of w and o.
12
Suppose 5*m - 550 + 110 = 0. Let k = 9 - -46. Suppose -7*y + k = -2*y. Calculate the highest common divisor of m and y.
11
Suppose 5*g - 35 - 5 = 0. Calculate the highest common divisor of 40 and g.
8
Let j = 9 + 3. Suppose j + 98 = a. Let m = -10 - -20. Calculate the highest common divisor of m and a.
10
Let w = -13 - -15. Suppose 5*q - 2*l = 132, 6*q - 2*q - w*l = 106. What is the greatest common factor of q and 39?
13
Suppose -3*b = -4*b - 8. Let z be 8/3*(-12)/b. Suppose p - 28 = -t, z*t + p - 124 = 3*p. Calculate the greatest common divisor of 6 and t.
6
Let j(q) = 4*q**2 - 1. Let p be j(-1). Let d be (-2)/3 - (-24)/9. Suppose 0*k - 2 = -d*k. What is the greatest common factor of p and k?
1
Let a be (-159)/(-15) + (-4)/(-10). Let g(y) = -y**3 + 11*y**2 + 16. Let j be g(a). Calculate the greatest common factor of 16 and j.
16
Let s be (((-102)/1)/3)/(-2). Let a(o) = 4*o**2 - 2*o + 5. Let c be ((-7)/2)/(1/(-2)). Let g be a(c). Calculate the highest common divisor of g and s.
17
Suppose v + 3*w = 80, -v + 4*w + 74 = w. What is the highest common factor of 7 and v?
7
Let o = 14 - 9. Let x = 28 - 26. Calculate the greatest common divisor of o and x.
1
Suppose -5*m + 2*t - 4*t = -56, 0 = -5*t - 10. What is the greatest common factor of 12 and m?
12
Let r = 12 - 508. Let a be r/(-10) + (-8)/(-20). Let p = 70 - a. Calculate the greatest common factor of 8 and p.
4
Let x = 16 + 5. What is the greatest common divisor of x and 7?
7
Suppose 4*q - 57 = 3*i, -2 = -q - i + 14. Let d = -4 + 7. What is the greatest common divis